lculate the greatest common factor of 215 and z.
43
Let d(n) = 10*n + 7*n**2 - n**3 + 0 + 0 - 1 - 3. Let w be d(8). What is the greatest common factor of 30 and w?
6
Let i(f) = 64*f + 16. Let b = -103 - -107. Let q be i(b). Calculate the greatest common factor of 34 and q.
34
Let t be (2 - (-201 - 7)) + 11. What is the greatest common factor of 1 and t?
1
Let j(y) = 9*y**2 + 5*y + 6. Let q = 4 - 8. Let w be j(q). Suppose 0 = -g + 2*g - 26. What is the greatest common divisor of g and w?
26
Suppose -5*a - c = -a, 0 = -2*a - 2*c. Suppose 3*y + 8 - 14 = 0. Suppose a = -y*j - 2*j + 144. What is the greatest common divisor of 24 and j?
12
Let d = 0 + 11. Let h = 92 - -122. Let y = h + -115. What is the highest common factor of d and y?
11
Suppose n - 13 = 3*s, n + 2 = -0. Let k be 9*(-8 + 3)/s. Calculate the greatest common divisor of 1 and k.
1
Suppose -8*s + 11 = -5. Suppose 4*q - 2 = s. Calculate the greatest common divisor of q and 2.
1
Let g be (-1)/2 + 30/(-4). Let v be (-2)/8 - 170/g. Let r(k) = k**2 + 11*k - 57. Let c be r(4). What is the greatest common divisor of v and c?
3
Suppose -4*f - 3*i + 2*i = -79, 3*f = 2*i + 51. Suppose 0 = -42*b - 42*b + 1596. What is the greatest common factor of f and b?
19
Let x(b) = b**2 + 22*b + 7. Let l be x(-22). Let t(g) = -2*g + 6. Let j be t(4). Let r be ((-1)/2)/(j/308). Calculate the highest common divisor of r and l.
7
Let w = -14 + 13. Let r(n) = -18*n**3 + n**2 + 2*n + 1. Let v be r(w). Calculate the greatest common factor of 12 and v.
6
Suppose 4*m + 7*p - 4*p = 27, 3*m - 4*p = 39. Let d be m - (4 - 4)/5. Calculate the highest common factor of d and 18.
9
Suppose -69 = -0*c - 3*c. Suppose 2*y = c + 11. Let t = -13 + y. Calculate the highest common divisor of t and 6.
2
Let q(t) = -t**2 - 15*t + 10. Let h be q(-14). Let o be 3/4 + h/(-32). Suppose 4*u + 104 - 784 = o. Calculate the highest common divisor of u and 17.
17
Let x(j) = -8 + j**2 - 3*j**2 + 3*j**2 + 0*j**2 + 7*j. Let l be x(-8). Suppose -3*d + 58 + 62 = l. What is the highest common divisor of d and 16?
8
Let a be (60/8)/3*4. Let i be ((-18)/(-6))/(6/a). What is the greatest common factor of 20 and i?
5
Suppose -3*s + 340 = -224. Let y be s/14 - 36/(-63). Calculate the highest common divisor of 14 and y.
14
Let l be ((-8)/10 + 1)/(7/35). Calculate the greatest common factor of 31 and l.
1
Suppose 3*w = v + 81 + 260, -5*w + 3*v + 563 = 0. Suppose -5*o - w = -10*o. What is the greatest common divisor of o and 23?
23
Let h be 33 + 2 + 0/3. Calculate the highest common factor of h and 427.
7
Let q be (15/5 - 13)/(-1 - 0). Suppose 2*s - 68 = -q. What is the greatest common divisor of 261 and s?
29
Let x = -178 - -188. Calculate the highest common divisor of x and 35.
5
Let q(l) be the first derivative of -l**3/3 - 5*l**2 - 7*l - 2. Suppose 4*c + 3 = -25. Let u be q(c). Calculate the highest common factor of u and 154.
14
Let p = 98 + 270. Calculate the greatest common divisor of p and 32.
16
Let q be 1/2*-8 + 48. Suppose 0 = c - 0*c - 6. Let x be (-4 + c)/((-4)/(-22)). What is the greatest common divisor of x and q?
11
Suppose 348 = 4*k + 3*s, 9*k + 4*s - 436 = 4*k. Let n be (-16)/(-3) + 14/21. Let h be ((-14)/n)/(2/(-48)). What is the greatest common divisor of k and h?
28
Suppose -5*j - 3 + 15 = -g, -2*j + 3 = -g. Let l be 1 + 1*(-33)/j. Let z = l - -18. What is the highest common factor of 64 and z?
8
Let g be (6 + 2)/((-27)/(-1674)). What is the greatest common factor of 155 and g?
31
Suppose -3*q + 61 = -x - 137, 4*x + 198 = 3*q. Calculate the highest common factor of 231 and q.
33
Suppose 13 + 1 = 7*j. Suppose -2*a + 6*a + 3*p - 1495 = 0, 0 = 2*a - j*p - 758. Calculate the highest common factor of a and 47.
47
Let a(h) = -h**3 + 5*h**2 + 8*h - 8. Let c be a(6). Suppose -14 = -c*b + 2. Let g = b - -6. Calculate the highest common factor of 100 and g.
10
Let f(t) = -t**3 - 10*t**2 - 2*t. Let s be f(-10). Suppose 950 = 27*v - 8*v. What is the highest common factor of s and v?
10
Let s be ((-20)/50)/(1/(-235)). Let q = 143 - s. Suppose 0*p - q = -p. Calculate the greatest common factor of 7 and p.
7
Let n = -1 + -8. Let c = 29 + n. Let r = 148 + 12. Calculate the greatest common factor of c and r.
20
Let q = 1413 + -1089. What is the highest common factor of q and 24?
12
Let c be 34/(-14) + 3 + 4970/49. Calculate the highest common factor of 170 and c.
34
Let v(i) = 5*i - 353. Let q be v(73). What is the greatest common factor of q and 172?
4
Let q(m) = 15*m**2 + 1. Let u be q(1). Let t = u - 6. Calculate the highest common divisor of t and 25.
5
Suppose -2*w - 134 = -2*d, -d + 76 = -9*w + 5*w. Suppose 5*j = 0, -5*i + 0*j + 4*j = -80. Calculate the greatest common factor of d and i.
16
Let v = -1 - 0. Suppose -26 - 46 = -8*h. Let d = h + v. Calculate the greatest common factor of 8 and d.
8
Let p be 142/6 - (-4)/(-6). Let y = -77 - -39. Let q = 130 + y. Calculate the greatest common factor of q and p.
23
Suppose 156 = -59*h + 2280. What is the highest common factor of h and 408?
12
Let a = 276 + -143. Suppose 2*b = -43 + a. Let y = b + -30. Calculate the greatest common divisor of 120 and y.
15
Let j be (58/(-145))/(-2 - (-239)/120). What is the highest common factor of j and 426?
6
Let z be 134*4*(-6)/(-16). Calculate the highest common factor of z and 134.
67
Suppose 0 = 4*j - 0*j - 184. Calculate the greatest common factor of 46 and j.
46
Let w(q) = q**3 - 48*q**2 + 218*q - 103. Let y be w(43). Calculate the highest common divisor of y and 2.
2
Let v = 204 + -101. Calculate the highest common divisor of v and 1133.
103
Suppose 4*i + 2*i - 96 = 0. Suppose 0 = -3*o - g + 122, -3*o + 5*g + 116 = 3*g. Calculate the greatest common factor of o and i.
8
Let y be (-3 + (-40)/(-15))/((-1)/6). Let c be (1 - -4)*((4 - y) + 1). Calculate the highest common factor of 10 and c.
5
Suppose 3*u = u. Let q be u/3 - -2 - -1. Suppose q*c - 320 = -c. What is the highest common factor of 10 and c?
10
Let m(g) = -g + 14. Let d be m(11). Suppose -66 = -d*a + 177. Calculate the greatest common factor of 9 and a.
9
Let m(g) = -466 + 4*g + 466. Let s be m(5). Calculate the greatest common divisor of s and 10.
10
Suppose 0 = 30*f - 58523 + 11783. Calculate the highest common factor of f and 82.
82
Suppose 5*i + 59 = y, -2*i + 214 = -9*y + 14*y. What is the greatest common divisor of y and 28?
4
Suppose 3*y - 9 = 0, -y + 5*y - 2 = 2*p. Suppose -3*c = k + 4*k - 40, 0 = -p*c. Let x be k/(-3)*(-9)/12. Calculate the highest common divisor of 3 and x.
1
Suppose o - 48 = -4*v - 140, 4*v = 3*o - 76. Let m = 39 + v. What is the greatest common factor of m and 187?
17
Let b = 51 + -28. Let n be -1*3 + 4/2. Let d = b - n. Calculate the highest common factor of 36 and d.
12
Let k = 31 + -23. Let p(o) = -o**3 + 9*o**2 - 9*o + 11. Let q be p(k). Let u be 10/q*(-15)/(-10). Calculate the greatest common factor of u and 40.
5
Let a(i) = i**2 + 21*i - 45. Let u be a(-24). Calculate the highest common factor of 9 and u.
9
Suppose -3*p - p - 6 = -3*r, p = -4*r + 8. Let s(j) = 4*j + p*j - 4*j - j + 11. Let y be s(-11). Calculate the highest common factor of 11 and y.
11
Let w be -2*2/(-4)*-1. Let n(t) = -5*t**3 + t**2 + 2*t + 1. Let a be n(w). Let c be a/((-1 + 3)/8). What is the greatest common factor of c and 80?
20
Suppose 0 = 5*i + 2*n - 468, i + i - 4*n - 192 = 0. Suppose -86 = -4*v - 2*p, 3*v + 2*p - i + 32 = 0. Calculate the highest common divisor of 6 and v.
6
Let n = -217 - -243. Suppose 2*w + 622 = 3*o, -4*w + 5 = w. Calculate the greatest common divisor of o and n.
26
Suppose 20*m - 9520 = -0*m. Calculate the highest common divisor of m and 68.
68
Let d = -12 - -24. Let b = -20 - -11. Let q be (-210)/(-8) - b/d. Calculate the greatest common factor of q and 3.
3
Let w(j) = 7*j**3 + j**2 + 2*j - 1. Let s be w(2). Let t be 2*(3 + (-44)/(-8)). Let g be (-4)/34 + 155/t. Calculate the highest common factor of g and s.
9
Suppose 37*m + 259 = s + 32*m, -3*s = -m - 707. What is the greatest common divisor of 72 and s?
18
Let c be 33 + 1 + -2*(-3)/(-6). Suppose -w = c - 102. What is the greatest common factor of 23 and w?
23
Suppose -16 = -2*m - 2*i, m - 3*m = 3*i - 16. What is the greatest common divisor of 132 and m?
4
Suppose -r + 1 = -0*r. Let o = r + 3. Suppose -3*q - 18 